{"id":1048,"date":"2026-03-11T12:02:59","date_gmt":"2026-03-11T11:02:59","guid":{"rendered":"http:\/\/www.vorderaue.de\/?page_id=1048"},"modified":"2026-03-22T12:44:39","modified_gmt":"2026-03-22T11:44:39","slug":"baader-herschelkeil","status":"publish","type":"page","link":"http:\/\/www.vorderaue.de\/index.php\/baader-herschelkeil\/","title":{"rendered":"Baader Herschelkeil"},"content":{"rendered":"\n<figure class=\"wp-block-table\"><table class=\"has-fixed-layout\" style=\"border-style:none;border-width:0px\"><tbody><tr><td class=\"has-text-align-center\" data-align=\"center\"><img loading=\"lazy\" decoding=\"async\" width=\"600\" height=\"601\" class=\"wp-image-40\" style=\"width: 600px;\" src=\"http:\/\/www.vorderaue.de\/wp-content\/uploads\/2026\/01\/herschelprisma-4103klein.jpg\" alt=\"\" srcset=\"http:\/\/www.vorderaue.de\/wp-content\/uploads\/2026\/01\/herschelprisma-4103klein.jpg 1226w, http:\/\/www.vorderaue.de\/wp-content\/uploads\/2026\/01\/herschelprisma-4103klein-300x300.jpg 300w, http:\/\/www.vorderaue.de\/wp-content\/uploads\/2026\/01\/herschelprisma-4103klein-1022x1024.jpg 1022w, http:\/\/www.vorderaue.de\/wp-content\/uploads\/2026\/01\/herschelprisma-4103klein-150x150.jpg 150w, http:\/\/www.vorderaue.de\/wp-content\/uploads\/2026\/01\/herschelprisma-4103klein-768x769.jpg 768w\" sizes=\"auto, (max-width: 600px) 100vw, 600px\" \/><\/td><td class=\"has-text-align-center\" data-align=\"center\"><img loading=\"lazy\" decoding=\"async\" width=\"600\" height=\"390\" class=\"wp-image-19\" style=\"width: 600px;\" src=\"http:\/\/www.vorderaue.de\/wp-content\/uploads\/2026\/01\/Herschelprismaklein-4075.jpg\" alt=\"\" srcset=\"http:\/\/www.vorderaue.de\/wp-content\/uploads\/2026\/01\/Herschelprismaklein-4075.jpg 1758w, http:\/\/www.vorderaue.de\/wp-content\/uploads\/2026\/01\/Herschelprismaklein-4075-300x195.jpg 300w, http:\/\/www.vorderaue.de\/wp-content\/uploads\/2026\/01\/Herschelprismaklein-4075-1024x666.jpg 1024w, http:\/\/www.vorderaue.de\/wp-content\/uploads\/2026\/01\/Herschelprismaklein-4075-768x499.jpg 768w, http:\/\/www.vorderaue.de\/wp-content\/uploads\/2026\/01\/Herschelprismaklein-4075-1536x999.jpg 1536w\" sizes=\"auto, (max-width: 600px) 100vw, 600px\" \/><\/td><\/tr><\/tbody><\/table><\/figure>\n\n\n\n<p>Die Funktionsweise des Herschelkeils beruht bekanntlich auf dem Prinzip, nur einen kleinen Teil (4,6%) des einfallenden Lichtes f\u00fcr die eigentliche Beobachtung zu nutzen. Der ungleich gr\u00f6\u00dfere, energiereiche Teil f\u00e4llt durch das Geh\u00e4use hindurch und bildet ausserhalb einen Brennpunkt in der Luft. Auch weit hinter diesem Brennpunkt ist die Lichtkonzentration noch irritierend hell, sodass man bislang Vorsicht walten lassen musste, damit kein unerfahrener Beobachter aus Versehen (oder aus Mutwillen) in den Ausgangsstrahl hineinblickt &#8211; aber das ist nun Geschichte!<\/p>\n\n\n\n<p><strong>Die Vorteile dieses Herschelprismas<\/strong><\/p>\n\n\n\n<ul class=\"wp-block-list\">\n<li><strong>Weltraumtechnologie:<\/strong>&nbsp;Eine w\u00e4rmeabsorbierende Spezialkeramik als Abschluss der Lichtfalle nimmt &#8211; wie beim Space Shuttle die Hitzekacheln &#8211; die Strahlungsw\u00e4rme auf, ohne die Umgebung zu sehr zu erhitzen. Das geschlossene Geh\u00e4use verhindert eine Blendgefahr.<\/li>\n\n\n\n<li><strong>Sonnensucher:<\/strong>&nbsp;Die gleiche Keramikplatte wirkt auch als Sichtschirm f\u00fcr das Sonnenlichtb\u00fcndel. Das Positionieren des Sonnenbildes in die Gesichtsfeldmitte des Teleskops ist ein Kinderspiel.<\/li>\n\n\n\n<li><strong>ClickLock Okularklemme:<\/strong>&nbsp;Mit 15\u00b0 Drehung klemmen Sie jedes Okular bombenfest &#8211; auch im Winter mit dicken Handschuhen.<\/li>\n\n\n\n<li><strong>Integrierter Filterhalter:<\/strong>&nbsp;Ein 2&#8243; Gewindering verbindet die Okularklemme des dem Prismengeh\u00e4use und dient gleichzeitig als abnehmbare Halterung f\u00fcr zwei 2&#8243; Filter<\/li>\n<\/ul>\n\n\n\n<p>Es gibt&nbsp;<strong>keine bessere Methode<\/strong>&nbsp;die Sonne im Wei\u00dflicht zu beobachten als mit einem Herschelprisma (auch Herschelkeil genannt). Allerdings sollten Sie den Herschelkeil&nbsp;<strong>ausschlie\u00dflich(!) mit einem Refraktor<\/strong>&nbsp;benutzen. Gegen\u00fcber einem Sonnenfilter, der vor das Objektiv gesetzt wird, hat der Herschelkeil den gro\u00dfen Vorteil, dass Sie ihn an jedem Refraktor benutzen k\u00f6nnen.<\/p>\n\n\n\n<p><\/p>\n\n\n\n<p class=\"has-text-align-center has-medium-font-size\"><strong>Preis: 250 \u20ac<\/strong><\/p>\n","protected":false},"excerpt":{"rendered":"<p>Die Funktionsweise des Herschelkeils beruht bekanntlich auf dem Prinzip, nur einen kleinen Teil (4,6%) des einfallenden Lichtes f\u00fcr die eigentliche [&hellip;]<\/p>\n","protected":false},"author":1,"featured_media":0,"parent":0,"menu_order":0,"comment_status":"closed","ping_status":"closed","template":"","meta":{"site-sidebar-layout":"default","site-content-layout":"","ast-site-content-layout":"default","site-content-style":"default","site-sidebar-style":"default","ast-global-header-display":"","ast-banner-title-visibility":"","ast-main-header-display":"","ast-hfb-above-header-display":"","ast-hfb-below-header-display":"","ast-hfb-mobile-header-display":"","site-post-title":"","ast-breadcrumbs-content":"","ast-featured-img":"","footer-sml-layout":"","ast-disable-related-posts":"","theme-transparent-header-meta":"","adv-header-id-meta":"","stick-header-meta":"","header-above-stick-meta":"","header-main-stick-meta":"","header-below-stick-meta":"","astra-migrate-meta-layouts":"default","ast-page-background-enabled":"default","ast-page-background-meta":{"desktop":{"background-color":"var(--ast-global-color-5)","background-image":"","background-repeat":"repeat","background-position":"center center","background-size":"auto","background-attachment":"scroll","background-type":"","background-media":"","overlay-type":"","overlay-color":"","overlay-opacity":"","overlay-gradient":""},"tablet":{"background-color":"","background-image":"","background-repeat":"repeat","background-position":"center center","background-size":"auto","background-attachment":"scroll","background-type":"","background-media":"","overlay-type":"","overlay-color":"","overlay-opacity":"","overlay-gradient":""},"mobile":{"background-color":"","background-image":"","background-repeat":"repeat","background-position":"center center","background-size":"auto","background-attachment":"scroll","background-type":"","background-media":"","overlay-type":"","overlay-color":"","overlay-opacity":"","overlay-gradient":""}},"ast-content-background-meta":{"desktop":{"background-color":"var(--ast-global-color-4)","background-image":"","background-repeat":"repeat","background-position":"center center","background-size":"auto","background-attachment":"scroll","background-type":"","background-media":"","overlay-type":"","overlay-color":"","overlay-opacity":"","overlay-gradient":""},"tablet":{"background-color":"var(--ast-global-color-4)","background-image":"","background-repeat":"repeat","background-position":"center center","background-size":"auto","background-attachment":"scroll","background-type":"","background-media":"","overlay-type":"","overlay-color":"","overlay-opacity":"","overlay-gradient":""},"mobile":{"background-color":"var(--ast-global-color-4)","background-image":"","background-repeat":"repeat","background-position":"center center","background-size":"auto","background-attachment":"scroll","background-type":"","background-media":"","overlay-type":"","overlay-color":"","overlay-opacity":"","overlay-gradient":""}},"footnotes":""},"class_list":["post-1048","page","type-page","status-publish","hentry"],"_links":{"self":[{"href":"http:\/\/www.vorderaue.de\/index.php\/wp-json\/wp\/v2\/pages\/1048","targetHints":{"allow":["GET"]}}],"collection":[{"href":"http:\/\/www.vorderaue.de\/index.php\/wp-json\/wp\/v2\/pages"}],"about":[{"href":"http:\/\/www.vorderaue.de\/index.php\/wp-json\/wp\/v2\/types\/page"}],"author":[{"embeddable":true,"href":"http:\/\/www.vorderaue.de\/index.php\/wp-json\/wp\/v2\/users\/1"}],"replies":[{"embeddable":true,"href":"http:\/\/www.vorderaue.de\/index.php\/wp-json\/wp\/v2\/comments?post=1048"}],"version-history":[{"count":4,"href":"http:\/\/www.vorderaue.de\/index.php\/wp-json\/wp\/v2\/pages\/1048\/revisions"}],"predecessor-version":[{"id":1350,"href":"http:\/\/www.vorderaue.de\/index.php\/wp-json\/wp\/v2\/pages\/1048\/revisions\/1350"}],"wp:attachment":[{"href":"http:\/\/www.vorderaue.de\/index.php\/wp-json\/wp\/v2\/media?parent=1048"}],"curies":[{"name":"wp","href":"https:\/\/api.w.org\/{rel}","templated":true}]}}