{"id":739,"date":"2026-03-01T17:08:29","date_gmt":"2026-03-01T16:08:29","guid":{"rendered":"http:\/\/www.vorderaue.de\/?page_id=739"},"modified":"2026-04-19T14:21:54","modified_gmt":"2026-04-19T12:21:54","slug":"moravian-g3-16200-mono-komplettpaket","status":"publish","type":"page","link":"http:\/\/www.vorderaue.de\/index.php\/moravian-g3-16200-mono-komplettpaket\/","title":{"rendered":"Moravian G3-16200 Mono Komplettpaket mit Filterrad und 2&#8243;-Filtern"},"content":{"rendered":"\n<figure class=\"wp-block-table\"><table class=\"has-fixed-layout\" style=\"border-style:none;border-width:0px\"><tbody><tr><td class=\"has-text-align-center\" data-align=\"center\"><img loading=\"lazy\" decoding=\"async\" width=\"400\" height=\"267\" class=\"wp-image-615\" style=\"width: 400px;\" src=\"http:\/\/www.vorderaue.de\/wp-content\/uploads\/2026\/02\/unbenannt-4511.jpg\" alt=\"\" srcset=\"http:\/\/www.vorderaue.de\/wp-content\/uploads\/2026\/02\/unbenannt-4511.jpg 1798w, http:\/\/www.vorderaue.de\/wp-content\/uploads\/2026\/02\/unbenannt-4511-300x200.jpg 300w, http:\/\/www.vorderaue.de\/wp-content\/uploads\/2026\/02\/unbenannt-4511-1200x801.jpg 1200w, http:\/\/www.vorderaue.de\/wp-content\/uploads\/2026\/02\/unbenannt-4511-768x513.jpg 768w, http:\/\/www.vorderaue.de\/wp-content\/uploads\/2026\/02\/unbenannt-4511-1536x1025.jpg 1536w\" sizes=\"auto, (max-width: 400px) 100vw, 400px\" \/><\/td><td class=\"has-text-align-center\" data-align=\"center\"><img loading=\"lazy\" decoding=\"async\" width=\"400\" height=\"267\" class=\"wp-image-621\" style=\"width: 400px;\" src=\"http:\/\/www.vorderaue.de\/wp-content\/uploads\/2026\/02\/unbenannt-4513.jpg\" alt=\"\" srcset=\"http:\/\/www.vorderaue.de\/wp-content\/uploads\/2026\/02\/unbenannt-4513.jpg 1798w, http:\/\/www.vorderaue.de\/wp-content\/uploads\/2026\/02\/unbenannt-4513-300x200.jpg 300w, http:\/\/www.vorderaue.de\/wp-content\/uploads\/2026\/02\/unbenannt-4513-1200x801.jpg 1200w, http:\/\/www.vorderaue.de\/wp-content\/uploads\/2026\/02\/unbenannt-4513-768x513.jpg 768w, http:\/\/www.vorderaue.de\/wp-content\/uploads\/2026\/02\/unbenannt-4513-1536x1025.jpg 1536w\" sizes=\"auto, (max-width: 400px) 100vw, 400px\" \/><\/td><td class=\"has-text-align-center\" data-align=\"center\"><img loading=\"lazy\" decoding=\"async\" width=\"400\" height=\"267\" class=\"wp-image-615\" style=\"width: 400px;\" src=\"http:\/\/www.vorderaue.de\/wp-content\/uploads\/2026\/02\/unbenannt-4511.jpg\" alt=\"\" srcset=\"http:\/\/www.vorderaue.de\/wp-content\/uploads\/2026\/02\/unbenannt-4511.jpg 1798w, http:\/\/www.vorderaue.de\/wp-content\/uploads\/2026\/02\/unbenannt-4511-300x200.jpg 300w, http:\/\/www.vorderaue.de\/wp-content\/uploads\/2026\/02\/unbenannt-4511-1200x801.jpg 1200w, http:\/\/www.vorderaue.de\/wp-content\/uploads\/2026\/02\/unbenannt-4511-768x513.jpg 768w, http:\/\/www.vorderaue.de\/wp-content\/uploads\/2026\/02\/unbenannt-4511-1536x1025.jpg 1536w\" sizes=\"auto, (max-width: 400px) 100vw, 400px\" \/><\/td><\/tr><\/tbody><\/table><\/figure>\n\n\n\n<p><strong>Moravian G3-16200 Mono Class-2-Sensor<\/strong><\/p>\n\n\n\n<ul class=\"wp-block-list\">\n<li>Mechanischer Verschluss (optimal f\u00fcr Darks)<\/li>\n\n\n\n<li>Zweistufige Peltier-K\u00fchlung bis 45 \u00b0C unter Umgebung mit Cooling Option bis 50\u00b0 unter Umgebung<\/li>\n\n\n\n<li>Belichtungszeit von 200 ms bis beliebig<\/li>\n\n\n\n<li>Class2-Sensor\n<ul class=\"wp-block-list\">\n<li>Weniger als 2000 Hot Pixel<\/li>\n\n\n\n<li>Weniger als 40 Clusters (Bereiche mit mehreren angrenzenden Pixeln)<\/li>\n\n\n\n<li>Weniger als 15 Spaltenfehler (Columns &#8211; mehr als 10 Pixel)<\/li>\n<\/ul>\n<\/li>\n\n\n\n<li>Technische Daten:\n<ul class=\"wp-block-list\">\n<li>Megapixel: 16<\/li>\n\n\n\n<li>Aufl\u00f6sung Foto (Pixel):  4540 x 3640<\/li>\n\n\n\n<li>Chipgr\u00f6\u00dfe (mm): 27,2 x 21,8<\/li>\n\n\n\n<li>Sensortyp: CCD-Chip&nbsp;(Kodak KAF-16200)<\/li>\n\n\n\n<li>Antiblooming: Ja<\/li>\n\n\n\n<li>Bit-Tiefe (Bit): 16<\/li>\n\n\n\n<li>Ausleserauschen (RMS): 10<\/li>\n\n\n\n<li>Quanteneffizienz: 60<\/li>\n<\/ul>\n<\/li>\n<\/ul>\n\n\n\n<p><strong>Moravian Enhanced Cooling Option f\u00fcr G3 -5\u00b0<\/strong><\/p>\n\n\n\n<p><strong>External Filter Wheel EFW-3S-7-II f\u00fcr 7 2&#8243;Filter<\/strong><\/p>\n\n\n\n<p><strong>Offaxis-Guider mit M68-Anschluss<\/strong><\/p>\n\n\n\n<p><strong>Offaxis-Guider mit M48-Anschluss<\/strong><\/p>\n\n\n\n<p class=\"has-text-align-center\"><strong>Preis: 1100 \u20ac<\/strong><\/p>\n\n\n\n<p><\/p>\n\n\n\n<p><strong>Filtersatz:<\/strong><\/p>\n\n\n\n<ul class=\"wp-block-list\">\n<li>Astronomik ASLRGB2 &#8211; LRGB Filterset, 2&#8243; Preis: 200 \u20ac<\/li>\n\n\n\n<li>Astronomik OIII Filter, 6 nm Durchlass, 2&#8243; (M48) Preis: 180 \u20ac<\/li>\n\n\n\n<li>Astronomik SII Filter, 6 nm Durchlass, 2&#8243; (M48) Preis: 180 \u20ac<\/li>\n\n\n\n<li>Baader 3,5 nm H-Alpha Preis: 180 \u20ac<\/li>\n\n\n\n<li>IDAS LPS-P2 48mm MBT &amp; IGAD Filter Preis: 100<\/li>\n<\/ul>\n\n\n\n<p class=\"has-text-align-center\"><strong>Filtersatz komplett: 700 \u20ac<\/strong><\/p>\n\n\n\n<p class=\"has-text-align-center has-medium-font-size\"><strong>Preis: Kamera + Filtersatz 1800 \u20ac<\/strong><\/p>\n\n\n\n<p><\/p>\n\n\n\n<p>Wenns ums Binning geht:<\/p>\n\n\n\n<p>CCD: Echtes Hardware-Binning akkumuliert Ladung im CCD-Register vor dem Auslesen und reduziert so das Ausleserauschen deutlich, da nur ein Auslesevorgang f\u00fcr vier Pixel (2&#215;2) durchgef\u00fchrt wird. <\/p>\n\n\n\n<p>CMOS: Da die Pixel einzeln digitalisiert werden, ist das Ausleserauschen bereits vor der softwareseitigen Kombination vorhanden. Der Hauptvorteil von CMOS liegt in kleineren Dateigr\u00f6\u00dfen und einem etwas besseren Signal-Rausch-Verh\u00e4ltnis (SNR). Die Empfindlichkeit wird jedoch nicht im gleichen Ma\u00dfe wie bei CCDs verbessert, so die Nutzer von Cloudy Nights.<\/p>\n","protected":false},"excerpt":{"rendered":"<p>Moravian G3-16200 Mono Class-2-Sensor Moravian Enhanced Cooling Option f\u00fcr G3 -5\u00b0 External Filter Wheel EFW-3S-7-II f\u00fcr 7 2&#8243;Filter Offaxis-Guider mit [&hellip;]<\/p>\n","protected":false},"author":1,"featured_media":0,"parent":0,"menu_order":0,"comment_status":"closed","ping_status":"closed","template":"","meta":{"site-sidebar-layout":"default","site-content-layout":"","ast-site-content-layout":"default","site-content-style":"default","site-sidebar-style":"default","ast-global-header-display":"","ast-banner-title-visibility":"","ast-main-header-display":"","ast-hfb-above-header-display":"","ast-hfb-below-header-display":"","ast-hfb-mobile-header-display":"","site-post-title":"","ast-breadcrumbs-content":"","ast-featured-img":"","footer-sml-layout":"","ast-disable-related-posts":"","theme-transparent-header-meta":"","adv-header-id-meta":"","stick-header-meta":"","header-above-stick-meta":"","header-main-stick-meta":"","header-below-stick-meta":"","astra-migrate-meta-layouts":"default","ast-page-background-enabled":"default","ast-page-background-meta":{"desktop":{"background-color":"var(--ast-global-color-5)","background-image":"","background-repeat":"repeat","background-position":"center center","background-size":"auto","background-attachment":"scroll","background-type":"","background-media":"","overlay-type":"","overlay-color":"","overlay-opacity":"","overlay-gradient":""},"tablet":{"background-color":"","background-image":"","background-repeat":"repeat","background-position":"center center","background-size":"auto","background-attachment":"scroll","background-type":"","background-media":"","overlay-type":"","overlay-color":"","overlay-opacity":"","overlay-gradient":""},"mobile":{"background-color":"","background-image":"","background-repeat":"repeat","background-position":"center center","background-size":"auto","background-attachment":"scroll","background-type":"","background-media":"","overlay-type":"","overlay-color":"","overlay-opacity":"","overlay-gradient":""}},"ast-content-background-meta":{"desktop":{"background-color":"var(--ast-global-color-4)","background-image":"","background-repeat":"repeat","background-position":"center center","background-size":"auto","background-attachment":"scroll","background-type":"","background-media":"","overlay-type":"","overlay-color":"","overlay-opacity":"","overlay-gradient":""},"tablet":{"background-color":"var(--ast-global-color-4)","background-image":"","background-repeat":"repeat","background-position":"center center","background-size":"auto","background-attachment":"scroll","background-type":"","background-media":"","overlay-type":"","overlay-color":"","overlay-opacity":"","overlay-gradient":""},"mobile":{"background-color":"var(--ast-global-color-4)","background-image":"","background-repeat":"repeat","background-position":"center center","background-size":"auto","background-attachment":"scroll","background-type":"","background-media":"","overlay-type":"","overlay-color":"","overlay-opacity":"","overlay-gradient":""}},"footnotes":""},"class_list":["post-739","page","type-page","status-publish","hentry"],"_links":{"self":[{"href":"http:\/\/www.vorderaue.de\/index.php\/wp-json\/wp\/v2\/pages\/739","targetHints":{"allow":["GET"]}}],"collection":[{"href":"http:\/\/www.vorderaue.de\/index.php\/wp-json\/wp\/v2\/pages"}],"about":[{"href":"http:\/\/www.vorderaue.de\/index.php\/wp-json\/wp\/v2\/types\/page"}],"author":[{"embeddable":true,"href":"http:\/\/www.vorderaue.de\/index.php\/wp-json\/wp\/v2\/users\/1"}],"replies":[{"embeddable":true,"href":"http:\/\/www.vorderaue.de\/index.php\/wp-json\/wp\/v2\/comments?post=739"}],"version-history":[{"count":10,"href":"http:\/\/www.vorderaue.de\/index.php\/wp-json\/wp\/v2\/pages\/739\/revisions"}],"predecessor-version":[{"id":1802,"href":"http:\/\/www.vorderaue.de\/index.php\/wp-json\/wp\/v2\/pages\/739\/revisions\/1802"}],"wp:attachment":[{"href":"http:\/\/www.vorderaue.de\/index.php\/wp-json\/wp\/v2\/media?parent=739"}],"curies":[{"name":"wp","href":"https:\/\/api.w.org\/{rel}","templated":true}]}}